base 4, what is 1 - 2312023?
-2312022
In base 16, what is -3 + 9515?
9512
In base 6, what is 1025 - 354?
231
In base 2, what is 110011010010011 - 101001?
110011001101010
In base 5, what is -1 + -2113340?
-2113341
In base 4, what is -201112002 + 3?
-201111333
In base 13, what is 5a - -7ba?
847
In base 13, what is -5 - -12ba06?
12ba01
In base 13, what is 442 + -caa?
-868
In base 8, what is 76761 + -4?
76755
In base 4, what is 13 - 32013110?
-32013031
In base 15, what is -63 - -1c11?
1b9d
In base 15, what is -ab2ed3 + 1?
-ab2ed2
In base 11, what is -11254 + -3?
-11257
In base 12, what is 50766 + -b?
50757
In base 6, what is -22100525 + 3?
-22100522
In base 10, what is 19125 + 1?
19126
In base 3, what is 122111111 + -11?
122111100
In base 2, what is 101111100101010101 - -101?
101111100101011010
In base 12, what is -1 - -148232?
148231
In base 14, what is 5 + 12da0?
12da5
In base 13, what is 1 + 18b93?
18b94
In base 7, what is -65116 + 11?
-65105
In base 2, what is 1 - -10110000001001001?
10110000001001010
In base 16, what is 34 + -1712?
-16de
In base 11, what is 2 + -19964?
-19962
In base 16, what is 588 - c?
57c
In base 2, what is -10100011001010011000 - 11?
-10100011001010011011
In base 10, what is 2 - 3734?
-3732
In base 2, what is 0 - 111101001000111?
-111101001000111
In base 13, what is -c - -3806a?
3805b
In base 6, what is 551 - 2352?
-1401
In base 7, what is -1336 - 15101?
-16440
In base 7, what is 52 - 4231?
-4146
In base 11, what is 4622 - -1?
4623
In base 7, what is 2 - 351063?
-351061
In base 7, what is 13 - 4322151?
-4322135
In base 3, what is -1022 + -20012012?
-20020111
In base 3, what is 10020200 - 1010020?
2010110
In base 6, what is -4111054 - 12?
-4111110
In base 9, what is -1440 + 413?
-1026
In base 7, what is 104 - -33323?
33430
In base 7, what is -1263 - -24?
-1236
In base 4, what is 3122 - 0?
3122
In base 7, what is -21415 - 645?
-22363
In base 11, what is -24a57 + 10?
-24a47
In base 16, what is 1e15 + -4?
1e11
In base 15, what is 4 + -573d?
-5739
In base 11, what is 5 - -196093?
196098
In base 12, what is -36b919 + 2?
-36b917
In base 7, what is 21102 - -141?
21243
In base 8, what is 6431 + 5?
6436
In base 10, what is -1229 - 193?
-1422
In base 3, what is -12 - -12102201202?
12102201120
In base 3, what is 12 + -201100202101?
-201100202012
In base 2, what is -110010011001110 - 1100?
-110010011011010
In base 2, what is -1 - -1010111011100?
1010111011011
In base 2, what is -11100100 - 100011011000?
-100110111100
In base 9, what is 11 - 100815?
-100804
In base 3, what is -111212111220 - -12?
-111212111201
In base 15, what is 17d8 + -15?
17c3
In base 5, what is 0 + 3130024?
3130024
In base 8, what is 130 + -344504?
-344354
In base 5, what is 22221 - 34?
22132
In base 8, what is 216103 - 0?
216103
In base 7, what is -3 + 4302065?
4302062
In base 13, what is 1566 - -17?
1580
In base 4, what is 121131010 - 12?
121130332
In base 9, what is -4 + -33032?
-33036
In base 4, what is 1333133200 + -2?
1333133132
In base 3, what is 11022 + 1000221?
1012020
In base 7, what is 14652 - -10?
14662
In base 9, what is 5 + 120410?
120415
In base 2, what is -110 - -1011000111000001?
1011000110111011
In base 4, what is 301222 + 22133?
330021
In base 12, what is 1 - 5b534?
-5b533
In base 12, what is -1336 - -11?
-1325
In base 9, what is 2017 + -2517?
-500
In base 7, what is -2151 + 36?
-2112
In base 2, what is -11010101101101 - -101?
-11010101101000
In base 13, what is 41 - 290?
-24c
In base 7, what is 2155534 - 10?
2155524
In base 16, what is 0 - 6ec?
-6ec
In base 10, what is 2 - 523728?
-523726
In base 6, what is 4045 + -223?
3422
In base 13, what is -53 + -96?
-119
In base 5, what is -204 - 2322410?
-2323114
In base 4, what is 133 - 32130?
-31331
In base 2, what is 1010010 + -11000011?
-1110001
In base 12, what is 33a7 - -a1?
3488
In base 12, what is 1 - 666a5?
-666a4
In base 6, what is -44 + 2220440?
2220352
In base 6, what is 1453 - -303?
2200
In base 5, what is -340 + 1342314?
1341424
In base 11, what is 149 + 120?
269
In base 4, what is -103121120201 - -3?
-103121120132
In base 3, what is -222120 - 1110011?
-2102201
In base 14, what is 1665c + 1d?
1667b
In base 8, what is 3 + -2364523?
-2364520
In base 10, what is 5 - -68345?
68350
In base 11, what is 2 + 3a630?
3a632
In base 6, what is -51 - -5305?
5214
In base 3, what is 12 - -1001100222220?
1001101000002
In base 13, what is 1203 + -2?
1201
In base 13, what is -3 - 8a02?
-8a05
In base 10, what is -460 - -123?
-337
In base 13, what is 1003bc + 0?
1003bc
In base 16, what is 5d35 - d0?
5c65
In base 3, what is -11 - 10012220?
-10020001
In base 16, what is -10 - -1e26?
1e16
In base 6, what is 5533 + -32120?
-22143
In base 14, what is 5 - 223b9?
-223b4
In base 16, what is 20c6 - 2?
20c4
In base 2, what is 11100 + -11010101101?
-11010010001
In base 2, what is 10001001101101 + -1001001?
10001000100100
In base 3, what is -211 - 12000001?
-12000212
In base 16, what is 3 + 123ec?
123ef
In base 9, what is 3814 - 83?
3721
In base 16, what is a + 2e4f6?
2e500
In base 15, what is 1d5d5 + 3?
1d5d8
In base 12, what is -14 - 693?
-6a7
In base 11, what is 82a96 + 5?
82aa0
In base 16, what is -2 + 2b0a?
2b08
In base 10, what is 945697 - -1?
945698
In base 4, what is -11 - -10011300202?
10011300131
In base 10, what is -647 - 76?
-723
In base 10, what is -1 - 224423?
-224424
In base 10, what is -117 + -9497?
-9614
In base 4, what is -2022 - -23030?
21002
In base 7, what is 10 - 41260?
-41250
In base 16, what is -152 - -22?
-130
In base 12, what is -b + -30a?
-319
In base 10, what is -26090 + -4?
-26094
In base 6, what is 2 - 310034?
-310032
In base 7, what is 225012 - 12?
225000
In base 15, what is a998 - 4?
a994
In base 13, what is -4 + 3a124?
3a120
In base 15, what is 3c8 - 39?
38e
In base 4, what is -32 - 3323013?
-3323111
In base 12, what is -241ba1 + -5?
-241ba6
In base 9, what is -324 + -277?
-612
In base 10, what is 3 - 120092?
-120089
In base 9, what is -7883 + -32?
-8025
In base 2, what is -100011001 + -10101001?
-111000010
In base 4, what is -1 + -203201101?
-203201102
In base 11, what is -836 - -85?
-761
In base 5, what is 3230 - 4?
3221
In base 2, what is 100111110101011000 - 101?
100111110101010011
In base 3, what is -2000211 + -200010?
-2200221
In base 4, what is 232203 - -212?
233021
In base 14, what is 2 + -42ad9?
-42ad7
In base 9, what is 12248 + 632?
12881
In base 13, what is 1815b - 3?
18158
In base 15, what is -4a369 + 0?
-4a369
In base 2, what is -1000101111 - 101?
-1000110100
In base 10, what is -5 + -4589?
-4594
In base 5, what is 12123022 + -10?
12123012
In base 16, what is 0 - 648a?
-648a
In base 13, what is 19 + -54779?
-54760
In base 7, what is -631 + -113?
-1044
In base 13, what is 4bb - -2?
4c0
In base 10, what is -14 + -37988?
-38002
In base 14, what is 24 + 6d3?
717
In base 8, what is 55153 + 13?
55166
In base 14, what is 3 - -39712?
39715
In base 6, what is 12 + 2122103?
2122115
In base 2, what is -1000001 + -100100001?
-101100010
In base 7, what is -13151 - -11?
-13140
In base 4, what is 31130302 - -11?
31130313
In base 3, what is -1 - -220122221?
220122220
In base 9, what is 267283 - 2?
267281
In base 11, what is 11177a + 9?
111788
In base 2, what is 1001 + 10111101000?
10111110001
In base 11, what is -5231a - -3?
-52317
In base 9, what is 42 - -683?
735
In base 12, what is -4 - 58aa3?
-58aa7
In base 12, what is 3373 + -77?
32b8
In base 16, what is 5 + 1a792?
1a797
In base 5, what is 13311 - -43?
13404
In base 7, what is 1652343 - -2?
1652345
In base 13, what is 5 - 14833c?
-148337
In base 2, what is -10100100 - -1110010?
-110010
In base 11, what is -13 - 4251?
-4264
In base 2, what is -10110100110 - -1100001?
-10101000101
In base 4, what is -11 - -123101330?
123101313
In base 5, what is -202 + 11120?
10413
In base 15, what is 5b + 4259?
42b5
In base 10, what is -216943 + 1?
-216942
In base 5, what is -203 - 1113?
-1321
In base 16, what is 463 + 1?
464
In base 14, what is -2 + 3bd3b?
3bd39
In base 9, what is 164 + -1441?
-1266
In base 14, what is -14 - 57a?
-590
In base 5, what is 20 + 4234341?
4234411
In base 15, what is -1 + -27381?
-27382
In base 14, what is 8364 + -8?
835a
In base 7, what is 22150 - -4?
22154
In base 5, what is 224414401 - 10?
224414341
In base 6, what is -